0*b. What is the remainder when 283 is divided by b?
16
Let z(m) = m**2 - 103*m + 1026. What is the remainder when 287 is divided by z(92)?
7
Suppose 0 = 5*x + 3*u - 138 - 17, 5*x - 5*u - 155 = 0. Calculate the remainder when 8741 is divided by x.
30
Calculate the remainder when -10 + (-15)/15*148/(-4) is divided by 19.
8
Suppose q + 11 = c, q = 3*c - 35 + 10. Let a be 50/(-4)*(-12)/(-15). Let b = -7 - a. What is the remainder when c is divided by b?
1
Let d(f) = 1636*f - 3256. Calculate the remainder when 230 is divided by d(2).
6
Calculate the remainder when 263 is divided by -148*((-6)/(-12))/((-3 + 2)/1).
41
Suppose 110266*n = 110244*n + 682. What is the remainder when n is divided by 1?
0
Suppose -2*r = f - 3*f - 446, 0 = -5*r + 4*f + 1111. Suppose 6*z = 54 + 24. Calculate the remainder when r is divided by z.
11
Let q = -478 + 514. Suppose 312 = q*r - 24*r. Calculate the remainder when 82 is divided by r.
4
Suppose -83*j - 20 = -186. Calculate the remainder when 5 is divided by j.
1
Let h = -4525 + 4928. What is the remainder when h is divided by 98?
11
Let o be 5/((-195)/(-84)) + 8/(-52). Suppose 3*x = -o*x + 30. Suppose 3*v + x = 15. Calculate the remainder when v is divided by 2.
1
Suppose -4*t + 28 = -5*l, 0 = -2*t - 2*t + 4*l + 32. Calculate the remainder when t is divided by 2*(63/(-2))/(-21).
0
Suppose -4*h + 4*n = -0 + 4, 0 = n - 1. Let l be 22/(h - 8/20). Let c = 90 + l. What is the remainder when c is divided by 19?
16
Let p = -364 + 780. Suppose 348*z - 1581 = 13035. What is the remainder when p is divided by z?
38
Suppose 400*o - 404*o + k = -541, -3*k = 4*o - 521. What is the remainder when 673 is divided by o?
3
Let a be 0/(-1 + -5)*2/4. Suppose 164*k - 170*k + 474 = a. Calculate the remainder when k is divided by 21.
16
Let v(m) = m + 24. Let l be v(-18). Suppose -l*d + 9*d - 111 = 0. Calculate the remainder when d is divided by 25.
12
Suppose 4*f = 2*s - 1 - 3, -3*f = -2*s + 1. Let r be 4/(-26) - 8/(-52) - f. What is the remainder when 32 is divided by (-9)/r*-1 - -9?
8
Let p(c) = -18*c - 1968. Calculate the remainder when 31 is divided by p(-110).
7
Calculate the remainder when 439 is divided by 149 + (190/(-19) - 32/(-4)).
145
Let s(c) = 6*c**2 + 10*c + 345. Calculate the remainder when s(-14) is divided by 77.
72
Let i(s) = -9*s + 12. Let c be i(1). Suppose r + 5 = 2*r + c*j, -47 = -4*r - 3*j. What is the remainder when (-1 - 12)*3/(-1) is divided by r?
11
Let q = 173 + 187. Let j be q/16*(-1)/((-6)/(-20)). Let c = -35 - j. Calculate the remainder when 79 is divided by c.
39
Suppose -37*o + 327 + 5408 = 0. Suppose -6*r = -r - o. Calculate the remainder when r is divided by 9.
4
Suppose 4*f = f + 531. Let i(p) = p**2 - 14*p + 37. Let y be i(11). Suppose -y*j + f = 57. What is the remainder when j is divided by 11?
8
Suppose 2*g = -0 - 4, 4*g - 192 = -4*m. Suppose -4*i + 3*z = -55, -3*i + z - 10 = -m. Let l = i + 49. What is the remainder when l is divided by 9?
8
Let p = -3215 + 3631. Let o = 121 - 51. Calculate the remainder when p is divided by o.
66
Let p(j) = -12*j - 729. What is the remainder when p(-100) is divided by 232?
7
Let w = 25 - 16. Let z(i) = -21*i - 124. Let m(n) = -20*n - 126. Let y(q) = 5*m(q) - 4*z(q). Calculate the remainder when y(-15) is divided by w.
7
Let p = 4942 - 4623. Calculate the remainder when p is divided by 78.
7
Let a = -860 + 678. Let i = a - -200. What is the remainder when 137 is divided by i?
11
What is the remainder when (-32)/(-96) + (-2314)/(-6) is divided by 82?
58
Let i = -23499 + 23538. What is the remainder when 376 is divided by i?
25
Suppose -a + 190 = 4*a. Let r = a - 6. Let k(s) = -45*s + 3. Calculate the remainder when k(-2) is divided by r.
29
Calculate the remainder when ((-19)/(-38))/(1/(4462*2)) is divided by 48.
46
Suppose -1094 = -w - 3*n, 4*w - 2*n - 1099 = 3*w. Let z = 733 - w. What is the remainder when 23 is divided by (-4)/(-14) - (-13)/(z/(-328))?
11
Let c(s) = -s**3 - 5*s**2 - 10*s - 34. Calculate the remainder when 939 is divided by c(-5).
11
Suppose 3*b - 4*b - 3*r + 7 = 0, r = 4*b - 2. Suppose 1 = -z + 10. What is the remainder when (b + -13)*328/(-246) is divided by z?
7
Let q be (-3 - 5226/(-15)) + (-4)/10. Let t = q - 332. Calculate the remainder when 36 is divided by t.
10
Let p(b) = 2*b**2 + b - 2. Let l be p(-2). Suppose -24 - 60 = -l*x. What is the remainder when 99 is divided by x?
15
Suppose -3*u + 95 = 11. Let x(v) = 17*v - 195. Let w(l) = -2. Let y(t) = w(t) + x(t). What is the remainder when y(16) is divided by u?
19
Let z(l) = -l**3 + 10*l**2 - 8*l - 4. Let k = 146 - 48. Suppose -17*w + k = -55. Calculate the remainder when w is divided by z(9).
4
Let g = -956 - -1003. What is the remainder when 468 is divided by g?
45
Let a(w) = -12*w - 97. Suppose 3*f - 12*f + 135 = 0. What is the remainder when a(-18) is divided by f?
14
Let j = 9882 + -9760. Calculate the remainder when 244 is divided by j.
0
Suppose q - 5*u = 109, -54 + 39 = 5*u. What is the remainder when q is divided by 48?
46
Suppose 0*o + t = 3*o - 2164, o + 2*t = 726. What is the remainder when o is divided by 263?
196
Calculate the remainder when 326 is divided by (-108 + 20/(-4))*-1*(2 + -1).
100
Let t = 2805 + -792. Calculate the remainder when t is divided by 72.
69
Suppose -4*i - 12 = 0, 2*i + i + 534 = -5*l. Let f = l - -175. Suppose -15 = -o + y, -y - 4*y - 39 = -3*o. Calculate the remainder when f is divided by o.
16
Let d(z) = 15*z**3 + 2*z - 2. Let i be d(1). Let t(o) = -o**2 + 17*o + 2. What is the remainder when 8/12*750/4 is divided by t(i)?
29
Suppose 437 = 3*g - 5*b - 73, 2*g = 5*b + 335. Calculate the remainder when 18655/g + 3/(-5) is divided by 27.
25
Calculate the remainder when 22253/66 + 100/120 is divided by 114.
110
Suppose -13*b + 6110 = 4446. What is the remainder when b is divided by 23?
13
Let j(t) = 2*t**2 - 37*t + 103. Let s be j(15). Let w = -87 + 51. What is the remainder when (-1338)/w + s/12 is divided by 8?
5
Suppose 64*n - 574 = 23*n. Suppose -n*d = -42*d + 3668. Calculate the remainder when d is divided by 46.
39
Suppose -2*h + 17 = -p, 0 = h - 1 - 4. Let r = -3 - p. What is the remainder when 14 is divided by ((-2)/r)/(6 - (-365)/(-60))?
2
Let k(j) = -j**2 + 20*j + 6. Suppose -7*t = -175 + 49. Let m be k(t). Suppose -5*c + 183 + m = 0. What is the remainder when c is divided by 16?
13
Let y(z) = 2*z**2 - 12*z - 96. Let g be y(-14). Suppose 9*l - g = -7*l. Calculate the remainder when l is divided by 4.
1
Let h(j) = 253*j**2 + 4. Let k be h(-2). What is the remainder when (-5)/((-25)/k) - (-7)/(-35) is divided by 53?
44
Suppose 3*f + 30 = 6. Calculate the remainder when 32/(-6)*(-90)/(-60) - -18 is divided by f*1/(-2) + 0.
2
Let f be (1/5 - 1538/(-10)) + -2. Let o = f + -144. What is the remainder when o is divided by 2?
0
Let a(k) = 4*k**3 + 16*k**2 - 57*k - 26. What is the remainder when 105 is divided by a(-6)?
21
Let s = 7313 - 2966. What is the remainder when s is divided by 150?
147
Let q(g) = 3*g**2 + 2*g - 5. Let n be q(-3). Let j = -1 + 1. Calculate the remainder when (121 - j) + (12 - n) is divided by 20.
17
Suppose 6*u - 10 - 50 = 0. Suppose g - 352 = -u*g. Calculate the remainder when g is divided by 7.
4
Calculate the remainder when 9370/14 - ((-4238)/(-182) - 23) is divided by 56.
53
Let a be 28/(-98) - (-1586)/14. Let s = a - 97. What is the remainder when 255 is divided by s?
15
What is the remainder when 4343 is divided by 6/(-16)*6 + (-87100)/(-1072)?
77
Let d(g) = -g**3 + 8*g**2 - 3*g + 30. Suppose -y = -3*h - 7, -2*h + 15 - 3 = -4*y. Let n = y + 12. What is the remainder when n is divided by d(8)?
1
What is the remainder when 732 is divided by 232/5 - ((-53)/265)/(1/3)?
27
Let a(u) = 33*u + 397. Let t be a(-12). Let x = 6 + -3. Suppose h + 4*d = -4 + t, -x*d = -h + 18. What is the remainder when h is divided by 6?
3
Suppose 0*d - 2*g - 177 = 5*d, 0 = -3*d - 3*g - 108. Let p = 36 - -22. Let w = p - d. What is the remainder when w is divided by 24?
21
Let f(u) = -u + 4. Suppose 5*w + 49 = -4*p, 27 = 3*p + 3*w + 63. Let m = 29 + p. Calculate the remainder when m is divided by f(-7).
7
Calculate the remainder when 212/(10 - 9 - (1 - 1)/4) is divided by 28.
16
Suppose -12*y = -67 + 19. Suppose 4*o = 3*h + 95, 0 = 4*o + o - y*h